{"id":25,"date":"2024-03-02T13:58:53","date_gmt":"2024-03-02T13:58:53","guid":{"rendered":"https:\/\/importacarga.com\/?page_id=25"},"modified":"2024-03-23T16:58:07","modified_gmt":"2024-03-23T16:58:07","slug":"quienes-somos","status":"publish","type":"page","link":"https:\/\/importacarga.com\/?page_id=25","title":{"rendered":"Qui\u00e9nes somos"},"content":{"rendered":"\t\t<div data-elementor-type=\"wp-page\" data-elementor-id=\"25\" class=\"elementor elementor-25\">\n\t\t\t\t<div class=\"elementor-element elementor-element-41a79a7 e-flex e-con-boxed e-con e-parent\" data-id=\"41a79a7\" data-element_type=\"container\">\n\t\t\t\t\t<div class=\"e-con-inner\">\n\t\t\t\t<div class=\"elementor-element elementor-element-7e2b5c1 elementor-widget elementor-widget-image\" data-id=\"7e2b5c1\" data-element_type=\"widget\" data-widget_type=\"image.default\">\n\t\t\t\t<div class=\"elementor-widget-container\">\n\t\t\t<style>\/*! elementor - v3.21.0 - 08-05-2024 *\/\n.elementor-widget-image{text-align:center}.elementor-widget-image a{display:inline-block}.elementor-widget-image a img[src$=\".svg\"]{width:48px}.elementor-widget-image img{vertical-align:middle;display:inline-block}<\/style>\t\t\t\t\t\t\t\t\t\t<img fetchpriority=\"high\" decoding=\"async\" width=\"1024\" height=\"453\" src=\"https:\/\/importacarga.com\/wp-content\/uploads\/2024\/03\/HEADER-QUIENES-SOMOS-1024x453.jpg\" class=\"attachment-large size-large wp-image-144\" alt=\"\" srcset=\"https:\/\/importacarga.com\/wp-content\/uploads\/2024\/03\/HEADER-QUIENES-SOMOS-1024x453.jpg 1024w, https:\/\/importacarga.com\/wp-content\/uploads\/2024\/03\/HEADER-QUIENES-SOMOS-300x133.jpg 300w, https:\/\/importacarga.com\/wp-content\/uploads\/2024\/03\/HEADER-QUIENES-SOMOS-768x340.jpg 768w, https:\/\/importacarga.com\/wp-content\/uploads\/2024\/03\/HEADER-QUIENES-SOMOS-1536x679.jpg 1536w, https:\/\/importacarga.com\/wp-content\/uploads\/2024\/03\/HEADER-QUIENES-SOMOS-2048x906.jpg 2048w\" sizes=\"(max-width: 1024px) 100vw, 1024px\" \/>\t\t\t\t\t\t\t\t\t\t\t\t\t<\/div>\n\t\t\t\t<\/div>\n\t\t\t\t\t<\/div>\n\t\t\t\t<\/div>\n\t\t<div class=\"elementor-element elementor-element-f22dabd e-flex e-con-boxed e-con e-parent\" data-id=\"f22dabd\" data-element_type=\"container\">\n\t\t\t\t\t<div class=\"e-con-inner\">\n\t\t<div class=\"elementor-element elementor-element-8319593 e-con-full e-flex e-con e-child\" data-id=\"8319593\" data-element_type=\"container\">\n\t\t\t\t<div class=\"elementor-element elementor-element-e21eba4 elementor-widget elementor-widget-video\" data-id=\"e21eba4\" data-element_type=\"widget\" data-settings=\"{&quot;youtube_url&quot;:&quot;https:\\\/\\\/www.youtube.com\\\/watch?v=wJUva4OanMc&amp;pp=ygUccXVlIGVzIGxhIGxvZ2lzdGljYSB0ZWQgdGFsaw%3D%3D&quot;,&quot;video_type&quot;:&quot;youtube&quot;,&quot;controls&quot;:&quot;yes&quot;}\" data-widget_type=\"video.default\">\n\t\t\t\t<div class=\"elementor-widget-container\">\n\t\t\t<style>\/*! elementor - v3.21.0 - 08-05-2024 *\/\n.elementor-widget-video .elementor-widget-container{overflow:hidden;transform:translateZ(0)}.elementor-widget-video .elementor-wrapper{aspect-ratio:var(--video-aspect-ratio)}.elementor-widget-video .elementor-wrapper iframe,.elementor-widget-video .elementor-wrapper video{height:100%;width:100%;display:flex;border:none;background-color:#000}@supports not (aspect-ratio:1\/1){.elementor-widget-video .elementor-wrapper{position:relative;overflow:hidden;height:0;padding-bottom:calc(100% \/ var(--video-aspect-ratio))}.elementor-widget-video .elementor-wrapper iframe,.elementor-widget-video .elementor-wrapper video{position:absolute;top:0;right:0;bottom:0;left:0}}.elementor-widget-video .elementor-open-inline .elementor-custom-embed-image-overlay{position:absolute;top:0;right:0;bottom:0;left:0;background-size:cover;background-position:50%}.elementor-widget-video .elementor-custom-embed-image-overlay{cursor:pointer;text-align:center}.elementor-widget-video .elementor-custom-embed-image-overlay:hover .elementor-custom-embed-play i{opacity:1}.elementor-widget-video .elementor-custom-embed-image-overlay img{display:block;width:100%;aspect-ratio:var(--video-aspect-ratio);-o-object-fit:cover;object-fit:cover;-o-object-position:center center;object-position:center center}@supports not (aspect-ratio:1\/1){.elementor-widget-video .elementor-custom-embed-image-overlay{position:relative;overflow:hidden;height:0;padding-bottom:calc(100% \/ var(--video-aspect-ratio))}.elementor-widget-video .elementor-custom-embed-image-overlay img{position:absolute;top:0;right:0;bottom:0;left:0}}.elementor-widget-video .e-hosted-video .elementor-video{-o-object-fit:cover;object-fit:cover}.e-con-inner>.elementor-widget-video,.e-con>.elementor-widget-video{width:var(--container-widget-width);--flex-grow:var(--container-widget-flex-grow)}<\/style>\t\t<div class=\"elementor-wrapper elementor-open-inline\">\n\t\t\t<div class=\"elementor-video\"><\/div>\t\t<\/div>\n\t\t\t\t<\/div>\n\t\t\t\t<\/div>\n\t\t\t\t<\/div>\n\t\t<div class=\"elementor-element elementor-element-080b72f e-con-full e-flex e-con e-child\" data-id=\"080b72f\" data-element_type=\"container\">\n\t\t\t\t<div class=\"elementor-element elementor-element-b5065d7 elementor-widget elementor-widget-heading\" data-id=\"b5065d7\" data-element_type=\"widget\" data-widget_type=\"heading.default\">\n\t\t\t\t<div class=\"elementor-widget-container\">\n\t\t\t<style>\/*! elementor - v3.21.0 - 08-05-2024 *\/\n.elementor-heading-title{padding:0;margin:0;line-height:1}.elementor-widget-heading .elementor-heading-title[class*=elementor-size-]>a{color:inherit;font-size:inherit;line-height:inherit}.elementor-widget-heading .elementor-heading-title.elementor-size-small{font-size:15px}.elementor-widget-heading .elementor-heading-title.elementor-size-medium{font-size:19px}.elementor-widget-heading .elementor-heading-title.elementor-size-large{font-size:29px}.elementor-widget-heading .elementor-heading-title.elementor-size-xl{font-size:39px}.elementor-widget-heading .elementor-heading-title.elementor-size-xxl{font-size:59px}<\/style><h2 class=\"elementor-heading-title elementor-size-default\">\u00bfQU\u00c9 ES EMPRESA IMPORTADORA DE CARGA?<\/h2>\t\t<\/div>\n\t\t\t\t<\/div>\n\t\t\t\t<div class=\"elementor-element elementor-element-8f385a3 elementor-widget elementor-widget-text-editor\" data-id=\"8f385a3\" data-element_type=\"widget\" data-widget_type=\"text-editor.default\">\n\t\t\t\t<div class=\"elementor-widget-container\">\n\t\t\t<style>\/*! elementor - v3.21.0 - 08-05-2024 *\/\n.elementor-widget-text-editor.elementor-drop-cap-view-stacked .elementor-drop-cap{background-color:#69727d;color:#fff}.elementor-widget-text-editor.elementor-drop-cap-view-framed .elementor-drop-cap{color:#69727d;border:3px solid;background-color:transparent}.elementor-widget-text-editor:not(.elementor-drop-cap-view-default) .elementor-drop-cap{margin-top:8px}.elementor-widget-text-editor:not(.elementor-drop-cap-view-default) .elementor-drop-cap-letter{width:1em;height:1em}.elementor-widget-text-editor .elementor-drop-cap{float:left;text-align:center;line-height:1;font-size:50px}.elementor-widget-text-editor .elementor-drop-cap-letter{display:inline-block}<\/style>\t\t\t\t<p>Somos una empresa l\u00edder en el sector de importaci\u00f3n de carga internacional, dedicada a facilitar el acceso de productos de alta calidad a nuestros clientes en el mercado local. Nos especializamos en la importaci\u00f3n y distribuci\u00f3n eficiente de una amplia gama de productos, desde art\u00edculos de consumo hasta materias primas industriales.<\/p>\t\t\t\t\t\t<\/div>\n\t\t\t\t<\/div>\n\t\t\t\t<\/div>\n\t\t\t\t\t<\/div>\n\t\t\t\t<\/div>\n\t\t<div class=\"elementor-element elementor-element-20ccabb e-flex e-con-boxed e-con e-parent\" data-id=\"20ccabb\" data-element_type=\"container\">\n\t\t\t\t\t<div class=\"e-con-inner\">\n\t\t\t\t<div class=\"elementor-element elementor-element-f767ff4 elementor-widget elementor-widget-spacer\" data-id=\"f767ff4\" data-element_type=\"widget\" data-widget_type=\"spacer.default\">\n\t\t\t\t<div class=\"elementor-widget-container\">\n\t\t\t<style>\/*! elementor - v3.21.0 - 08-05-2024 *\/\n.elementor-column .elementor-spacer-inner{height:var(--spacer-size)}.e-con{--container-widget-width:100%}.e-con-inner>.elementor-widget-spacer,.e-con>.elementor-widget-spacer{width:var(--container-widget-width,var(--spacer-size));--align-self:var(--container-widget-align-self,initial);--flex-shrink:0}.e-con-inner>.elementor-widget-spacer>.elementor-widget-container,.e-con>.elementor-widget-spacer>.elementor-widget-container{height:100%;width:100%}.e-con-inner>.elementor-widget-spacer>.elementor-widget-container>.elementor-spacer,.e-con>.elementor-widget-spacer>.elementor-widget-container>.elementor-spacer{height:100%}.e-con-inner>.elementor-widget-spacer>.elementor-widget-container>.elementor-spacer>.elementor-spacer-inner,.e-con>.elementor-widget-spacer>.elementor-widget-container>.elementor-spacer>.elementor-spacer-inner{height:var(--container-widget-height,var(--spacer-size))}.e-con-inner>.elementor-widget-spacer.elementor-widget-empty,.e-con>.elementor-widget-spacer.elementor-widget-empty{position:relative;min-height:22px;min-width:22px}.e-con-inner>.elementor-widget-spacer.elementor-widget-empty .elementor-widget-empty-icon,.e-con>.elementor-widget-spacer.elementor-widget-empty .elementor-widget-empty-icon{position:absolute;top:0;bottom:0;left:0;right:0;margin:auto;padding:0;width:22px;height:22px}<\/style>\t\t<div class=\"elementor-spacer\">\n\t\t\t<div class=\"elementor-spacer-inner\"><\/div>\n\t\t<\/div>\n\t\t\t\t<\/div>\n\t\t\t\t<\/div>\n\t\t\t\t\t<\/div>\n\t\t\t\t<\/div>\n\t\t<div class=\"elementor-element elementor-element-279b11d e-flex e-con-boxed e-con e-parent\" data-id=\"279b11d\" data-element_type=\"container\" data-settings=\"{&quot;background_background&quot;:&quot;classic&quot;}\">\n\t\t\t\t\t<div class=\"e-con-inner\">\n\t\t\t\t<div class=\"elementor-element elementor-element-21c46f4 elementor-widget elementor-widget-heading\" data-id=\"21c46f4\" data-element_type=\"widget\" data-widget_type=\"heading.default\">\n\t\t\t\t<div class=\"elementor-widget-container\">\n\t\t\t<h2 class=\"elementor-heading-title elementor-size-default\">NUESTROS SERVICIOS<\/h2>\t\t<\/div>\n\t\t\t\t<\/div>\n\t\t\t\t\t<\/div>\n\t\t\t\t<\/div>\n\t\t<div class=\"elementor-element elementor-element-0dd6bf1 e-flex e-con-boxed e-con e-parent\" data-id=\"0dd6bf1\" data-element_type=\"container\">\n\t\t\t\t\t<div class=\"e-con-inner\">\n\t\t<div class=\"elementor-element elementor-element-caa75d1 e-con-full e-flex e-con e-child\" data-id=\"caa75d1\" data-element_type=\"container\">\n\t\t\t\t<div class=\"elementor-element elementor-element-721fa8e elementor-widget elementor-widget-image\" data-id=\"721fa8e\" data-element_type=\"widget\" data-widget_type=\"image.default\">\n\t\t\t\t<div class=\"elementor-widget-container\">\n\t\t\t\t\t\t\t\t\t\t\t\t\t<img decoding=\"async\" width=\"1015\" height=\"675\" src=\"https:\/\/importacarga.com\/wp-content\/uploads\/2024\/03\/IMPORTACION.png\" class=\"attachment-large size-large wp-image-114\" alt=\"\" srcset=\"https:\/\/importacarga.com\/wp-content\/uploads\/2024\/03\/IMPORTACION.png 1015w, https:\/\/importacarga.com\/wp-content\/uploads\/2024\/03\/IMPORTACION-300x200.png 300w, https:\/\/importacarga.com\/wp-content\/uploads\/2024\/03\/IMPORTACION-768x511.png 768w\" sizes=\"(max-width: 1015px) 100vw, 1015px\" \/>\t\t\t\t\t\t\t\t\t\t\t\t\t<\/div>\n\t\t\t\t<\/div>\n\t\t\t\t<\/div>\n\t\t<div class=\"elementor-element elementor-element-9e0bc6b e-con-full e-flex e-con e-child\" data-id=\"9e0bc6b\" data-element_type=\"container\">\n\t\t\t\t<div class=\"elementor-element elementor-element-bf0a8e1 elementor-widget elementor-widget-heading\" data-id=\"bf0a8e1\" data-element_type=\"widget\" data-widget_type=\"heading.default\">\n\t\t\t\t<div class=\"elementor-widget-container\">\n\t\t\t<h2 class=\"elementor-heading-title elementor-size-default\">IMPORTACI\u00d3N DE PRODUCTOS<\/h2>\t\t<\/div>\n\t\t\t\t<\/div>\n\t\t\t\t<div class=\"elementor-element elementor-element-53e289a elementor-widget elementor-widget-text-editor\" data-id=\"53e289a\" data-element_type=\"widget\" data-widget_type=\"text-editor.default\">\n\t\t\t\t<div class=\"elementor-widget-container\">\n\t\t\t\t\t\t\t<p class=\"MsoNormal\">Gestionamos el proceso completo de importaci\u00f3n, desde la selecci\u00f3n de proveedores en el extranjero hasta la entrega en el destino final en territorio nacional.<o:p><\/o:p><\/p>\t\t\t\t\t\t<\/div>\n\t\t\t\t<\/div>\n\t\t\t\t<\/div>\n\t\t\t\t\t<\/div>\n\t\t\t\t<\/div>\n\t\t<div class=\"elementor-element elementor-element-edb4d2a e-flex e-con-boxed e-con e-parent\" data-id=\"edb4d2a\" data-element_type=\"container\">\n\t\t\t\t\t<div class=\"e-con-inner\">\n\t\t<div class=\"elementor-element elementor-element-a92b9e2 e-con-full e-flex e-con e-child\" data-id=\"a92b9e2\" data-element_type=\"container\">\n\t\t\t\t<div class=\"elementor-element elementor-element-2f9c163 elementor-widget elementor-widget-heading\" data-id=\"2f9c163\" data-element_type=\"widget\" data-widget_type=\"heading.default\">\n\t\t\t\t<div class=\"elementor-widget-container\">\n\t\t\t<h2 class=\"elementor-heading-title elementor-size-default\">DESPACHO ADUANERO<\/h2>\t\t<\/div>\n\t\t\t\t<\/div>\n\t\t\t\t<div class=\"elementor-element elementor-element-3c304a2 elementor-widget elementor-widget-text-editor\" data-id=\"3c304a2\" data-element_type=\"widget\" data-widget_type=\"text-editor.default\">\n\t\t\t\t<div class=\"elementor-widget-container\">\n\t\t\t\t\t\t\t<p class=\"MsoNormal\">Nuestro equipo de expertos en log\u00edstica y comercio internacional se encarga de todos los tr\u00e1mites aduaneros para garantizar un despacho r\u00e1pido y eficiente.<\/p>\t\t\t\t\t\t<\/div>\n\t\t\t\t<\/div>\n\t\t\t\t<\/div>\n\t\t<div class=\"elementor-element elementor-element-9c0f2db e-con-full e-flex e-con e-child\" data-id=\"9c0f2db\" data-element_type=\"container\">\n\t\t\t\t<div class=\"elementor-element elementor-element-567e087 elementor-widget elementor-widget-image\" data-id=\"567e087\" data-element_type=\"widget\" data-widget_type=\"image.default\">\n\t\t\t\t<div class=\"elementor-widget-container\">\n\t\t\t\t\t\t\t\t\t\t\t\t\t<img decoding=\"async\" width=\"1015\" height=\"675\" src=\"https:\/\/importacarga.com\/wp-content\/uploads\/2024\/03\/DESPACHO-ADUANERO.jpg\" class=\"attachment-large size-large wp-image-119\" alt=\"\" srcset=\"https:\/\/importacarga.com\/wp-content\/uploads\/2024\/03\/DESPACHO-ADUANERO.jpg 1015w, https:\/\/importacarga.com\/wp-content\/uploads\/2024\/03\/DESPACHO-ADUANERO-300x200.jpg 300w, https:\/\/importacarga.com\/wp-content\/uploads\/2024\/03\/DESPACHO-ADUANERO-768x511.jpg 768w\" sizes=\"(max-width: 1015px) 100vw, 1015px\" \/>\t\t\t\t\t\t\t\t\t\t\t\t\t<\/div>\n\t\t\t\t<\/div>\n\t\t\t\t<\/div>\n\t\t\t\t\t<\/div>\n\t\t\t\t<\/div>\n\t\t<div class=\"elementor-element elementor-element-7826a3f e-flex e-con-boxed e-con e-parent\" data-id=\"7826a3f\" data-element_type=\"container\">\n\t\t\t\t\t<div class=\"e-con-inner\">\n\t\t<div class=\"elementor-element elementor-element-7e4c787 e-con-full e-flex e-con e-child\" data-id=\"7e4c787\" data-element_type=\"container\">\n\t\t\t\t<div class=\"elementor-element elementor-element-114f75b elementor-widget elementor-widget-image\" data-id=\"114f75b\" data-element_type=\"widget\" data-widget_type=\"image.default\">\n\t\t\t\t<div class=\"elementor-widget-container\">\n\t\t\t\t\t\t\t\t\t\t\t\t\t<img loading=\"lazy\" decoding=\"async\" width=\"1015\" height=\"675\" src=\"https:\/\/importacarga.com\/wp-content\/uploads\/2024\/03\/ALMACENAMIENTO-.jpg\" class=\"attachment-large size-large wp-image-120\" alt=\"\" srcset=\"https:\/\/importacarga.com\/wp-content\/uploads\/2024\/03\/ALMACENAMIENTO-.jpg 1015w, https:\/\/importacarga.com\/wp-content\/uploads\/2024\/03\/ALMACENAMIENTO--300x200.jpg 300w, https:\/\/importacarga.com\/wp-content\/uploads\/2024\/03\/ALMACENAMIENTO--768x511.jpg 768w\" sizes=\"(max-width: 1015px) 100vw, 1015px\" \/>\t\t\t\t\t\t\t\t\t\t\t\t\t<\/div>\n\t\t\t\t<\/div>\n\t\t\t\t<\/div>\n\t\t<div class=\"elementor-element elementor-element-a41b914 e-con-full e-flex e-con e-child\" data-id=\"a41b914\" data-element_type=\"container\">\n\t\t<div class=\"elementor-element elementor-element-7f0104e e-con-full e-flex e-con e-child\" data-id=\"7f0104e\" data-element_type=\"container\">\n\t\t\t\t<div class=\"elementor-element elementor-element-e5e2a86 elementor-widget elementor-widget-heading\" data-id=\"e5e2a86\" data-element_type=\"widget\" data-widget_type=\"heading.default\">\n\t\t\t\t<div class=\"elementor-widget-container\">\n\t\t\t<h2 class=\"elementor-heading-title elementor-size-default\">ALMACENAMIENTO Y DISTRIBUCI\u00d3N<\/h2>\t\t<\/div>\n\t\t\t\t<\/div>\n\t\t\t\t<div class=\"elementor-element elementor-element-da2fd28 elementor-widget elementor-widget-text-editor\" data-id=\"da2fd28\" data-element_type=\"widget\" data-widget_type=\"text-editor.default\">\n\t\t\t\t<div class=\"elementor-widget-container\">\n\t\t\t\t\t\t\t<p class=\"MsoNormal\">Contamos con instalaciones de almacenamiento seguras y estrat\u00e9gicamente ubicadas para asegurar la integridad de los productos y su distribuci\u00f3n oportuna a nuestros clientes.<\/p>\t\t\t\t\t\t<\/div>\n\t\t\t\t<\/div>\n\t\t\t\t<\/div>\n\t\t\t\t<\/div>\n\t\t\t\t\t<\/div>\n\t\t\t\t<\/div>\n\t\t<div class=\"elementor-element elementor-element-ba4ecd1 e-con-full e-flex e-con e-parent\" data-id=\"ba4ecd1\" data-element_type=\"container\">\n\t\t<div class=\"elementor-element elementor-element-7ff019a e-con-full e-flex e-con e-child\" data-id=\"7ff019a\" data-element_type=\"container\">\n\t\t<div class=\"elementor-element elementor-element-fd4724a e-con-full e-flex e-con e-child\" data-id=\"fd4724a\" data-element_type=\"container\">\n\t\t\t\t<div class=\"elementor-element elementor-element-06d0047 elementor-widget elementor-widget-heading\" data-id=\"06d0047\" data-element_type=\"widget\" data-widget_type=\"heading.default\">\n\t\t\t\t<div class=\"elementor-widget-container\">\n\t\t\t<h2 class=\"elementor-heading-title elementor-size-default\">ASESORAMIENTO PERSONALIZADO<\/h2>\t\t<\/div>\n\t\t\t\t<\/div>\n\t\t\t\t<div class=\"elementor-element elementor-element-e1810a3 elementor-widget elementor-widget-text-editor\" data-id=\"e1810a3\" data-element_type=\"widget\" data-widget_type=\"text-editor.default\">\n\t\t\t\t<div class=\"elementor-widget-container\">\n\t\t\t\t\t\t\t<p class=\"MsoNormal\">Nuestro equipo de expertos en log\u00edstica y comercio internacional se encarga de todos los tr\u00e1mites aduaneros para garantizar un despacho r\u00e1pido y eficiente.<br><\/p>\t\t\t\t\t\t<\/div>\n\t\t\t\t<\/div>\n\t\t\t\t<\/div>\n\t\t\t\t<\/div>\n\t\t<div class=\"elementor-element elementor-element-7d3d617 e-con-full e-flex e-con e-child\" data-id=\"7d3d617\" data-element_type=\"container\">\n\t\t\t\t<div class=\"elementor-element elementor-element-6c0ee5f elementor-widget elementor-widget-image\" data-id=\"6c0ee5f\" data-element_type=\"widget\" data-widget_type=\"image.default\">\n\t\t\t\t<div class=\"elementor-widget-container\">\n\t\t\t\t\t\t\t\t\t\t\t\t\t<img loading=\"lazy\" decoding=\"async\" width=\"1015\" height=\"675\" src=\"https:\/\/importacarga.com\/wp-content\/uploads\/2024\/03\/ASESORAMIENTO-.jpg\" class=\"attachment-large size-large wp-image-121\" alt=\"\" srcset=\"https:\/\/importacarga.com\/wp-content\/uploads\/2024\/03\/ASESORAMIENTO-.jpg 1015w, https:\/\/importacarga.com\/wp-content\/uploads\/2024\/03\/ASESORAMIENTO--300x200.jpg 300w, https:\/\/importacarga.com\/wp-content\/uploads\/2024\/03\/ASESORAMIENTO--768x511.jpg 768w\" sizes=\"(max-width: 1015px) 100vw, 1015px\" \/>\t\t\t\t\t\t\t\t\t\t\t\t\t<\/div>\n\t\t\t\t<\/div>\n\t\t\t\t<\/div>\n\t\t\t\t<\/div>\n\t\t<div class=\"elementor-element elementor-element-261ffce e-flex e-con-boxed e-con e-parent\" data-id=\"261ffce\" data-element_type=\"container\">\n\t\t\t\t\t<div class=\"e-con-inner\">\n\t\t\t\t<div class=\"elementor-element elementor-element-3032d49 elementor-align-center elementor-widget elementor-widget-button\" data-id=\"3032d49\" data-element_type=\"widget\" data-widget_type=\"button.default\">\n\t\t\t\t<div class=\"elementor-widget-container\">\n\t\t\t\t\t<div class=\"elementor-button-wrapper\">\n\t\t\t<a class=\"elementor-button elementor-button-link elementor-size-sm\" href=\"#\">\n\t\t\t\t\t\t<span class=\"elementor-button-content-wrapper\">\n\t\t\t\t\t\t\t\t\t<span class=\"elementor-button-text\">COTIZA AQU\u00cd<\/span>\n\t\t\t\t\t<\/span>\n\t\t\t\t\t<\/a>\n\t\t<\/div>\n\t\t\t\t<\/div>\n\t\t\t\t<\/div>\n\t\t\t\t\t<\/div>\n\t\t\t\t<\/div>\n\t\t<div class=\"elementor-element elementor-element-1e3c0c2 e-flex e-con-boxed e-con e-parent\" data-id=\"1e3c0c2\" data-element_type=\"container\">\n\t\t\t\t\t<div class=\"e-con-inner\">\n\t\t\t\t<div class=\"elementor-element elementor-element-c220379 elementor-widget elementor-widget-spacer\" data-id=\"c220379\" data-element_type=\"widget\" data-widget_type=\"spacer.default\">\n\t\t\t\t<div class=\"elementor-widget-container\">\n\t\t\t\t\t<div class=\"elementor-spacer\">\n\t\t\t<div class=\"elementor-spacer-inner\"><\/div>\n\t\t<\/div>\n\t\t\t\t<\/div>\n\t\t\t\t<\/div>\n\t\t\t\t\t<\/div>\n\t\t\t\t<\/div>\n\t\t\t\t<\/div>\n\t\t","protected":false},"excerpt":{"rendered":"<p>\u00bfQU\u00c9 ES EMPRESA IMPORTADORA DE CARGA? Somos una empresa l\u00edder en el sector de importaci\u00f3n de carga internacional, dedicada a facilitar el acceso de productos de alta calidad a nuestros&hellip;<\/p>\n","protected":false},"author":1,"featured_media":0,"parent":0,"menu_order":0,"comment_status":"closed","ping_status":"closed","template":"","meta":{"footnotes":""},"class_list":["post-25","page","type-page","status-publish","hentry"],"_links":{"self":[{"href":"https:\/\/importacarga.com\/index.php?rest_route=\/wp\/v2\/pages\/25","targetHints":{"allow":["GET"]}}],"collection":[{"href":"https:\/\/importacarga.com\/index.php?rest_route=\/wp\/v2\/pages"}],"about":[{"href":"https:\/\/importacarga.com\/index.php?rest_route=\/wp\/v2\/types\/page"}],"author":[{"embeddable":true,"href":"https:\/\/importacarga.com\/index.php?rest_route=\/wp\/v2\/users\/1"}],"replies":[{"embeddable":true,"href":"https:\/\/importacarga.com\/index.php?rest_route=%2Fwp%2Fv2%2Fcomments&post=25"}],"version-history":[{"count":46,"href":"https:\/\/importacarga.com\/index.php?rest_route=\/wp\/v2\/pages\/25\/revisions"}],"predecessor-version":[{"id":260,"href":"https:\/\/importacarga.com\/index.php?rest_route=\/wp\/v2\/pages\/25\/revisions\/260"}],"wp:attachment":[{"href":"https:\/\/importacarga.com\/index.php?rest_route=%2Fwp%2Fv2%2Fmedia&parent=25"}],"curies":[{"name":"wp","href":"https:\/\/api.w.org\/{rel}","templated":true}]}}